{"id":24,"date":"2024-12-08T19:48:02","date_gmt":"2024-12-08T19:48:02","guid":{"rendered":"https:\/\/flow-drive.ch\/?page_id=24"},"modified":"2025-10-14T13:49:42","modified_gmt":"2025-10-14T13:49:42","slug":"100-pruefungsfragen","status":"publish","type":"page","link":"https:\/\/flow-drive.ch\/?page_id=24","title":{"rendered":"100 PR\u00dcFUNGSFRAGEN"},"content":{"rendered":"\n<p>Hier kannst Du ein PDF mit allen 100 Pr\u00fcfungsfragen herunterladen, welche an der Pr\u00fcfung vom Experten gestellt werden k\u00f6nnen. Viel Erfolg beim Lernen.<\/p>\n\n\n\n<p><\/p>\n\n\n\n<p>Download: <a href=\"https:\/\/flow-drive.ch\/wp-content\/uploads\/2025\/10\/100_Pruefungsfragen.pdf\" data-type=\"link\" data-id=\"https:\/\/flow-drive.ch\/wp-content\/uploads\/2025\/01\/100_Pruefungsfragen.pdf\" target=\"_blank\" rel=\"noreferrer noopener\">100 Pr\u00fcfungsfragen<\/a><\/p>\n\n\n\n<p><\/p>\n","protected":false},"excerpt":{"rendered":"<p>Hier kannst Du ein PDF mit allen 100 Pr\u00fcfungsfragen herunterladen, welche an der Pr\u00fcfung vom Experten gestellt werden k\u00f6nnen. Viel Erfolg beim Lernen. Download: 100 Pr\u00fcfungsfragen<\/p>\n","protected":false},"author":1,"featured_media":0,"parent":0,"menu_order":0,"comment_status":"closed","ping_status":"closed","template":"","meta":{"footnotes":""},"class_list":["post-24","page","type-page","status-publish","hentry"],"_links":{"self":[{"href":"https:\/\/flow-drive.ch\/index.php?rest_route=\/wp\/v2\/pages\/24","targetHints":{"allow":["GET"]}}],"collection":[{"href":"https:\/\/flow-drive.ch\/index.php?rest_route=\/wp\/v2\/pages"}],"about":[{"href":"https:\/\/flow-drive.ch\/index.php?rest_route=\/wp\/v2\/types\/page"}],"author":[{"embeddable":true,"href":"https:\/\/flow-drive.ch\/index.php?rest_route=\/wp\/v2\/users\/1"}],"replies":[{"embeddable":true,"href":"https:\/\/flow-drive.ch\/index.php?rest_route=%2Fwp%2Fv2%2Fcomments&post=24"}],"version-history":[{"count":13,"href":"https:\/\/flow-drive.ch\/index.php?rest_route=\/wp\/v2\/pages\/24\/revisions"}],"predecessor-version":[{"id":390,"href":"https:\/\/flow-drive.ch\/index.php?rest_route=\/wp\/v2\/pages\/24\/revisions\/390"}],"wp:attachment":[{"href":"https:\/\/flow-drive.ch\/index.php?rest_route=%2Fwp%2Fv2%2Fmedia&parent=24"}],"curies":[{"name":"wp","href":"https:\/\/api.w.org\/{rel}","templated":true}]}}